{"id":1262,"date":"2021-12-15T02:55:56","date_gmt":"2021-12-15T02:55:56","guid":{"rendered":"https:\/\/parroquiasanisidrolabrador.com\/?page_id=1262"},"modified":"2026-01-27T18:01:44","modified_gmt":"2026-01-27T21:01:44","slug":"historia","status":"publish","type":"page","link":"http:\/\/parroquiasanisidrolabrador.com\/?page_id=1262","title":{"rendered":"Historia"},"content":{"rendered":"\t\t<div data-elementor-type=\"wp-page\" data-elementor-id=\"1262\" class=\"elementor elementor-1262\">\n\t\t\t\t\t\t<section class=\"elementor-section elementor-top-section elementor-element elementor-element-f5b29f8 elementor-section-boxed elementor-section-height-default elementor-section-height-default\" data-id=\"f5b29f8\" data-element_type=\"section\" data-e-type=\"section\">\n\t\t\t\t\t\t<div class=\"elementor-container elementor-column-gap-default\">\n\t\t\t\t\t<div class=\"elementor-column elementor-col-100 elementor-top-column elementor-element elementor-element-8fdd62d\" data-id=\"8fdd62d\" data-element_type=\"column\" data-e-type=\"column\">\n\t\t\t<div class=\"elementor-widget-wrap elementor-element-populated\">\n\t\t\t\t\t\t\t<\/div>\n\t\t<\/div>\n\t\t\t\t\t<\/div>\n\t\t<\/section>\n\t\t\t\t<section class=\"elementor-section elementor-top-section elementor-element elementor-element-c35c341 elementor-section-boxed elementor-section-height-default elementor-section-height-default\" data-id=\"c35c341\" data-element_type=\"section\" data-e-type=\"section\">\n\t\t\t\t\t\t<div class=\"elementor-container elementor-column-gap-default\">\n\t\t\t\t\t<div class=\"elementor-column elementor-col-25 elementor-top-column elementor-element elementor-element-e0b3a00\" data-id=\"e0b3a00\" data-element_type=\"column\" data-e-type=\"column\">\n\t\t\t<div class=\"elementor-widget-wrap\">\n\t\t\t\t\t\t\t<\/div>\n\t\t<\/div>\n\t\t\t\t<div class=\"elementor-column elementor-col-50 elementor-top-column elementor-element elementor-element-a57b6b0\" data-id=\"a57b6b0\" data-element_type=\"column\" data-e-type=\"column\">\n\t\t\t<div class=\"elementor-widget-wrap elementor-element-populated\">\n\t\t\t\t\t\t<div class=\"elementor-element elementor-element-e6d3a91 elementor-widget elementor-widget-text-editor\" data-id=\"e6d3a91\" data-element_type=\"widget\" data-e-type=\"widget\" data-widget_type=\"text-editor.default\">\n\t\t\t\t<div class=\"elementor-widget-container\">\n\t\t\t\t\t\t\t\t\t<div class=\"column mcb-column one column_column column-margin-\">\n<div class=\"column_attr clearfix align_center animate fadeInDownLarge\" data-anim-type=\"fadeInDownLarge\">\n<h3 style=\"text-align: center;\">Historia del Templo<\/h3>\n<div class=\"image_frame image_item no_link scale-with-grid alignnone no_border\" style=\"text-align: center;\">\n<div class=\"image_wrapper\"><img decoding=\"async\" class=\"scale-with-grid aligncenter\" src=\"https:\/\/parroquiasanisidrolabrador.com.ar\/wp-content\/uploads\/2016\/01\/home_mining_sep.png\" alt=\"\"><\/div>\n<\/div>\n<\/div>\n<\/div>\n<div class=\"column mcb-column one-fifth column_column column-margin-\" style=\"text-align: center;\">\n<div class=\"column_attr clearfix\">&nbsp;<\/div>\n<\/div>\n<div>\n<p style=\"text-align: center;\">Fue erigida en un terreno donado por la familia Mart\u00ednez Justo y construida con el apoyo econ\u00f3mico de Concepci\u00f3n Unzu\u00e9, en memoria de su esposo Carlos Casares, quien fuera gobernador bonaerense.<\/p>\n<p style=\"text-align: center;\">\n<\/p><p style=\"text-align: center;\">La piedra fundamental se coloc\u00f3 el 15 de mayo de 1930 y el 15 de diciembre del a\u00f1o siguiente&nbsp;la iglesia fue erigida can\u00f3nicamente como parroquia por, el en ese momento, obispo auxiliar de la Arquidi\u00f3cesis de Buenos Aires Santiago Copello.&nbsp;El dise\u00f1o del templo estuvo a cargo del arquitecto Carlos Massa, responsable, de la construcci\u00f3n de muchas Iglesias de la Ciudad de Buenos Aires.&nbsp;Existe un templo clonado en la provincia de Buenos Aires (financiado por la misma Unzu\u00e9) que hace de templo&nbsp;parroquial principal de la ciudad de Carlos Casares y que fue realizado tambi\u00e9n por Massa&nbsp;en 1941, nueve a\u00f1os despu\u00e9s que esta parroquia. Ambos son id\u00e9nticos en su proyecto aunque los sufrieron remodelaciones con posterioridad.<\/p>\n<p style=\"text-align: center;\">\n<\/p><p style=\"text-align: center;\">La estructura del edificio es monumental: mide 47 metros de largo por 20 de ancho. Adem\u00e1s, como el antiguo nivel de la calle fue bajado tres metros, la iglesia qued\u00f3 en una posici\u00f3n elevada, lo que le agrega majestuosidad.<\/p>\n<p style=\"text-align: center;\">\n<\/p><p style=\"text-align: center;\">Su fachada presenta un estilo que muchos arquitectos definen como neocolonial ortodoxo que nos remite a las obras m\u00e1s citadas de Mart\u00edn Noel, Mario Buschiazzo y Vicente Nadal Mora. Mezcla de arte espa\u00f1ol e ind\u00edgena. A su izquierda, se puede ver la torre campanario con reloj, que remata con una peque\u00f1a c\u00fapula de caracter\u00edsticas neobizantinas, revestida en cer\u00e1micos pol\u00edcromos (estos detalles no son comunes en las obras de Massa), culminando en una cruz de hierro.<\/p>\n<p style=\"text-align: center;\">\n<\/p><div style=\"text-align: center;\" data-anim-type=\"fadeInDownLarge\">\n<div><span style=\"font-size: 16px;\">Se distingue el doble port\u00f3n de madera y el balc\u00f3n en la parte superior, muy ornamentada, que aparece como bajorrelieve en la fachada, con columnas adosadas al muro que enmarcan la entrada.<\/span><\/div>\n<div>&nbsp;<\/div>\n<\/div>\n<div>\n<p style=\"text-align: center;\">Pero lo que m\u00e1s impacta de su imagen externa es ser una r\u00e9plica casi exacta del templo de la vieja Universidad de San Francisco Xavier (fue fundada el 27 de marzo de 1624), en la ciudad boliviana de Chuquisaca (actualmente llamada Sucre). La diferencia es que aquella tiene dos torres. No est\u00e1 de m\u00e1s recordar que en esa universidad se formaron figuras hist\u00f3ricas de la Revoluci\u00f3n de Mayo, como Mariano Moreno, Bernardo de Monteagudo o Juan Jos\u00e9 Castelli.<\/p>\n<p style=\"text-align: center;\">\n<\/p><p style=\"text-align: center;\">Al ingresar en el Atrio, predominan hermosos vitral de su puerta intermedia. Su interior es de planta de cruz latina y sin ning\u00fan revestimiento murario solamente peque\u00f1as may\u00f3licas, que representan las estaciones del V\u00eda Crucis. Presenta una nave principal y dos laterales, el techo, con forma de b\u00f3veda de ca\u00f1\u00f3n, presenta, un corte con una c\u00fapula hexagonal.<\/p>\n<p style=\"text-align: center;\">\n<\/p><p style=\"text-align: center;\">En&nbsp;1971 los retablos que imitaban los muebles coloniales, fueron reemplazados por un gran mural, 8 metros de alto por 5 de ancho, del artista argentino Ra\u00fal Soldi. La obra representa al ni\u00f1o Jes\u00fas sostenido por dos \u00e1ngeles, y est\u00e1 compuesta por aproximadamente 300 baldosines cer\u00e1micos. El autor&nbsp;adem\u00e1s realiz\u00f3 un collage que representa a un \u00e1ngel con trompeta puede apreciarse en la base del amb\u00f3n. La mas llamativa es la ubicada en el bautisterio, a la derecha del atrio. Junto a la pila bautismal se ve un \u00f3leo representando a San Miguel Arc\u00e1ngel en lucha dos&nbsp;demonios. Este cuadro esconde un secreto: cuando Soldi quiso elegir un rostro para darle forma a una de las im\u00e1genes que representa el mal, eligi\u00f3 el del cr\u00edtico de arte Jorge Romero Brest, incluyendo su caracter\u00edstica pipa, con quien se encontraba enemistado.&nbsp;<\/p>\n<p style=\"text-align: center;\">\n<\/p><p style=\"text-align: center;\">Pegado al Templo, el edificio del Colegio parroquial, conforman una hermosa postal colonial.&nbsp;La avenida donde se encuentra tiene la particularidad de ser la \u00fanica, en toda la Ciudad de Buenos Aires, que comienza y termina en una misma arteria, la avenida Cabildo. Nace en su intersecci\u00f3n con Paroissien y finaliza en Cabildo y Vedia, 10 cuadras despu\u00e9s.<\/p>\n<p style=\"text-align: center;\">San Isidro es por excelencia el patr\u00f3n de los campesinos, naci\u00f3 a fines del siglo XI en Madrid. El nombre de Isidro, es una derivaci\u00f3n de Isidoro- fue en honor al Arzobispo San Isidoro de Sevilla; como consecuencia de sus tareas de labrador, pas\u00f3 ser conocido popularmente como \u201cIsidro labrador\u201d. Falleci\u00f3 en el a\u00f1o 1130. El 15 de Mayo se celebra su Fiesta Patronal.<\/p>\n<\/div>\n<\/div>\t\t\t\t\t\t\t\t<\/div>\n\t\t\t\t<\/div>\n\t\t\t\t\t<\/div>\n\t\t<\/div>\n\t\t\t\t<div class=\"elementor-column elementor-col-25 elementor-top-column elementor-element elementor-element-02d8028\" data-id=\"02d8028\" data-element_type=\"column\" data-e-type=\"column\">\n\t\t\t<div class=\"elementor-widget-wrap\">\n\t\t\t\t\t\t\t<\/div>\n\t\t<\/div>\n\t\t\t\t\t<\/div>\n\t\t<\/section>\n\t\t\t\t<section class=\"elementor-section elementor-top-section elementor-element elementor-element-63a29cd elementor-section-boxed elementor-section-height-default elementor-section-height-default\" data-id=\"63a29cd\" data-element_type=\"section\" data-e-type=\"section\">\n\t\t\t\t\t\t<div class=\"elementor-container elementor-column-gap-default\">\n\t\t\t\t\t<div class=\"elementor-column elementor-col-100 elementor-top-column elementor-element elementor-element-86ac7e8\" data-id=\"86ac7e8\" data-element_type=\"column\" data-e-type=\"column\">\n\t\t\t<div class=\"elementor-widget-wrap elementor-element-populated\">\n\t\t\t\t\t\t<div class=\"elementor-element elementor-element-55bc22a elementor-widget elementor-widget-spacer\" data-id=\"55bc22a\" data-element_type=\"widget\" data-e-type=\"widget\" data-widget_type=\"spacer.default\">\n\t\t\t\t<div class=\"elementor-widget-container\">\n\t\t\t\t\t\t\t<div class=\"elementor-spacer\">\n\t\t\t<div class=\"elementor-spacer-inner\"><\/div>\n\t\t<\/div>\n\t\t\t\t\t\t<\/div>\n\t\t\t\t<\/div>\n\t\t\t\t\t<\/div>\n\t\t<\/div>\n\t\t\t\t\t<\/div>\n\t\t<\/section>\n\t\t\t\t<\/div>\n\t\t","protected":false},"excerpt":{"rendered":"<p>Historia del Templo &nbsp; Fue erigida en un terreno donado por la familia Mart\u00ednez Justo y construida con el apoyo econ\u00f3mico de Concepci\u00f3n Unzu\u00e9, en memoria de su esposo Carlos Casares, quien fuera gobernador bonaerense. La piedra fundamental se coloc\u00f3 el 15 de mayo de 1930 y el 15 de diciembre del a\u00f1o siguiente&nbsp;la iglesia [&hellip;]<\/p>\n","protected":false},"author":1,"featured_media":0,"parent":0,"menu_order":0,"comment_status":"closed","ping_status":"closed","template":"","meta":{"om_disable_all_campaigns":false,"_monsterinsights_skip_tracking":false,"_monsterinsights_sitenote_active":false,"_monsterinsights_sitenote_note":"","_monsterinsights_sitenote_category":0,"site-sidebar-layout":"no-sidebar","site-content-layout":"page-builder","ast-site-content-layout":"default","site-content-style":"default","site-sidebar-style":"default","ast-global-header-display":"","ast-banner-title-visibility":"","ast-main-header-display":"","ast-hfb-above-header-display":"","ast-hfb-below-header-display":"","ast-hfb-mobile-header-display":"","site-post-title":"disabled","ast-breadcrumbs-content":"","ast-featured-img":"disabled","footer-sml-layout":"","ast-disable-related-posts":"","theme-transparent-header-meta":"","adv-header-id-meta":"","stick-header-meta":"","header-above-stick-meta":"","header-main-stick-meta":"","header-below-stick-meta":"","astra-migrate-meta-layouts":"default","ast-page-background-enabled":"default","ast-page-background-meta":{"desktop":{"background-color":"","background-image":"","background-repeat":"repeat","background-position":"center center","background-size":"auto","background-attachment":"scroll","background-type":"","background-media":"","overlay-type":"","overlay-color":"","overlay-opacity":"","overlay-gradient":""},"tablet":{"background-color":"","background-image":"","background-repeat":"repeat","background-position":"center center","background-size":"auto","background-attachment":"scroll","background-type":"","background-media":"","overlay-type":"","overlay-color":"","overlay-opacity":"","overlay-gradient":""},"mobile":{"background-color":"","background-image":"","background-repeat":"repeat","background-position":"center center","background-size":"auto","background-attachment":"scroll","background-type":"","background-media":"","overlay-type":"","overlay-color":"","overlay-opacity":"","overlay-gradient":""}},"ast-content-background-meta":{"desktop":{"background-color":"var(--ast-global-color-5)","background-image":"","background-repeat":"repeat","background-position":"center center","background-size":"auto","background-attachment":"scroll","background-type":"","background-media":"","overlay-type":"","overlay-color":"","overlay-opacity":"","overlay-gradient":""},"tablet":{"background-color":"var(--ast-global-color-5)","background-image":"","background-repeat":"repeat","background-position":"center center","background-size":"auto","background-attachment":"scroll","background-type":"","background-media":"","overlay-type":"","overlay-color":"","overlay-opacity":"","overlay-gradient":""},"mobile":{"background-color":"var(--ast-global-color-5)","background-image":"","background-repeat":"repeat","background-position":"center center","background-size":"auto","background-attachment":"scroll","background-type":"","background-media":"","overlay-type":"","overlay-color":"","overlay-opacity":"","overlay-gradient":""}},"footnotes":""},"class_list":["post-1262","page","type-page","status-publish","hentry"],"aioseo_notices":[],"_links":{"self":[{"href":"http:\/\/parroquiasanisidrolabrador.com\/index.php?rest_route=\/wp\/v2\/pages\/1262","targetHints":{"allow":["GET"]}}],"collection":[{"href":"http:\/\/parroquiasanisidrolabrador.com\/index.php?rest_route=\/wp\/v2\/pages"}],"about":[{"href":"http:\/\/parroquiasanisidrolabrador.com\/index.php?rest_route=\/wp\/v2\/types\/page"}],"author":[{"embeddable":true,"href":"http:\/\/parroquiasanisidrolabrador.com\/index.php?rest_route=\/wp\/v2\/users\/1"}],"replies":[{"embeddable":true,"href":"http:\/\/parroquiasanisidrolabrador.com\/index.php?rest_route=%2Fwp%2Fv2%2Fcomments&post=1262"}],"version-history":[{"count":67,"href":"http:\/\/parroquiasanisidrolabrador.com\/index.php?rest_route=\/wp\/v2\/pages\/1262\/revisions"}],"predecessor-version":[{"id":3072,"href":"http:\/\/parroquiasanisidrolabrador.com\/index.php?rest_route=\/wp\/v2\/pages\/1262\/revisions\/3072"}],"wp:attachment":[{"href":"http:\/\/parroquiasanisidrolabrador.com\/index.php?rest_route=%2Fwp%2Fv2%2Fmedia&parent=1262"}],"curies":[{"name":"wp","href":"https:\/\/api.w.org\/{rel}","templated":true}]}}

<div data-elementor-type="wp-page" data-elementor-id="1262" class="elementor elementor-1262">
						<section class="elementor-section elementor-top-section elementor-element elementor-element-f5b29f8 elementor-section-boxed elementor-section-height-default elementor-section-height-default" data-id="f5b29f8" data-element_type="section" data-e-type="section">
						<div class="elementor-container elementor-column-gap-default">
					<div class="elementor-column elementor-col-100 elementor-top-column elementor-element elementor-element-8fdd62d" data-id="8fdd62d" data-element_type="column" data-e-type="column">
			<div class="elementor-widget-wrap elementor-element-populated">
							</div>
		</div>
					</div>
		</section>
				<section class="elementor-section elementor-top-section elementor-element elementor-element-c35c341 elementor-section-boxed elementor-section-height-default elementor-section-height-default" data-id="c35c341" data-element_type="section" data-e-type="section">
						<div class="elementor-container elementor-column-gap-default">
					<div class="elementor-column elementor-col-25 elementor-top-column elementor-element elementor-element-e0b3a00" data-id="e0b3a00" data-element_type="column" data-e-type="column">
			<div class="elementor-widget-wrap">
							</div>
		</div>
				<div class="elementor-column elementor-col-50 elementor-top-column elementor-element elementor-element-a57b6b0" data-id="a57b6b0" data-element_type="column" data-e-type="column">
			<div class="elementor-widget-wrap elementor-element-populated">
						<div class="elementor-element elementor-element-e6d3a91 elementor-widget elementor-widget-text-editor" data-id="e6d3a91" data-element_type="widget" data-e-type="widget" data-widget_type="text-editor.default">
				<div class="elementor-widget-container">
									<div class="column mcb-column one column_column column-margin-">
<div class="column_attr clearfix align_center animate fadeInDownLarge" data-anim-type="fadeInDownLarge">
<h3 style="text-align: center;">Historia del Templo</h3>
<div class="image_frame image_item no_link scale-with-grid alignnone no_border" style="text-align: center;">
<div class="image_wrapper"><img decoding="async" class="scale-with-grid aligncenter" src="https://parroquiasanisidrolabrador.com.ar/wp-content/uploads/2016/01/home_mining_sep.png" alt=""></div>
</div>
</div>
</div>
<div class="column mcb-column one-fifth column_column column-margin-" style="text-align: center;">
<div class="column_attr clearfix">&nbsp;</div>
</div>
<div>
<p style="text-align: center;">Fue erigida en un terreno donado por la familia Martínez Justo y construida con el apoyo económico de Concepción Unzué, en memoria de su esposo Carlos Casares, quien fuera gobernador bonaerense.</p>
<p style="text-align: center;">
</p><p style="text-align: center;">La piedra fundamental se colocó el 15 de mayo de 1930 y el 15 de diciembre del año siguiente&nbsp;la iglesia fue erigida canónicamente como parroquia por, el en ese momento, obispo auxiliar de la Arquidiócesis de Buenos Aires Santiago Copello.&nbsp;El diseño del templo estuvo a cargo del arquitecto Carlos Massa, responsable, de la construcción de muchas Iglesias de la Ciudad de Buenos Aires.&nbsp;Existe un templo clonado en la provincia de Buenos Aires (financiado por la misma Unzué) que hace de templo&nbsp;parroquial principal de la ciudad de Carlos Casares y que fue realizado también por Massa&nbsp;en 1941, nueve años después que esta parroquia. Ambos son idénticos en su proyecto aunque los sufrieron remodelaciones con posterioridad.</p>
<p style="text-align: center;">
</p><p style="text-align: center;">La estructura del edificio es monumental: mide 47 metros de largo por 20 de ancho. Además, como el antiguo nivel de la calle fue bajado tres metros, la iglesia quedó en una posición elevada, lo que le agrega majestuosidad.</p>
<p style="text-align: center;">
</p><p style="text-align: center;">Su fachada presenta un estilo que muchos arquitectos definen como neocolonial ortodoxo que nos remite a las obras más citadas de Martín Noel, Mario Buschiazzo y Vicente Nadal Mora. Mezcla de arte español e indígena. A su izquierda, se puede ver la torre campanario con reloj, que remata con una pequeña cúpula de características neobizantinas, revestida en cerámicos polícromos (estos detalles no son comunes en las obras de Massa), culminando en una cruz de hierro.</p>
<p style="text-align: center;">
</p><div style="text-align: center;" data-anim-type="fadeInDownLarge">
<div><span style="font-size: 16px;">Se distingue el doble portón de madera y el balcón en la parte superior, muy ornamentada, que aparece como bajorrelieve en la fachada, con columnas adosadas al muro que enmarcan la entrada.</span></div>
<div>&nbsp;</div>
</div>
<div>
<p style="text-align: center;">Pero lo que más impacta de su imagen externa es ser una réplica casi exacta del templo de la vieja Universidad de San Francisco Xavier (fue fundada el 27 de marzo de 1624), en la ciudad boliviana de Chuquisaca (actualmente llamada Sucre). La diferencia es que aquella tiene dos torres. No está de más recordar que en esa universidad se formaron figuras históricas de la Revolución de Mayo, como Mariano Moreno, Bernardo de Monteagudo o Juan José Castelli.</p>
<p style="text-align: center;">
</p><p style="text-align: center;">Al ingresar en el Atrio, predominan hermosos vitral de su puerta intermedia. Su interior es de planta de cruz latina y sin ningún revestimiento murario solamente pequeñas mayólicas, que representan las estaciones del Vía Crucis. Presenta una nave principal y dos laterales, el techo, con forma de bóveda de cañón, presenta, un corte con una cúpula hexagonal.</p>
<p style="text-align: center;">
</p><p style="text-align: center;">En&nbsp;1971 los retablos que imitaban los muebles coloniales, fueron reemplazados por un gran mural, 8 metros de alto por 5 de ancho, del artista argentino Raúl Soldi. La obra representa al niño Jesús sostenido por dos ángeles, y está compuesta por aproximadamente 300 baldosines cerámicos. El autor&nbsp;además realizó un collage que representa a un ángel con trompeta puede apreciarse en la base del ambón. La mas llamativa es la ubicada en el bautisterio, a la derecha del atrio. Junto a la pila bautismal se ve un óleo representando a San Miguel Arcángel en lucha dos&nbsp;demonios. Este cuadro esconde un secreto: cuando Soldi quiso elegir un rostro para darle forma a una de las imágenes que representa el mal, eligió el del crítico de arte Jorge Romero Brest, incluyendo su característica pipa, con quien se encontraba enemistado.&nbsp;</p>
<p style="text-align: center;">
</p><p style="text-align: center;">Pegado al Templo, el edificio del Colegio parroquial, conforman una hermosa postal colonial.&nbsp;La avenida donde se encuentra tiene la particularidad de ser la única, en toda la Ciudad de Buenos Aires, que comienza y termina en una misma arteria, la avenida Cabildo. Nace en su intersección con Paroissien y finaliza en Cabildo y Vedia, 10 cuadras después.</p>
<p style="text-align: center;">San Isidro es por excelencia el patrón de los campesinos, nació a fines del siglo XI en Madrid. El nombre de Isidro, es una derivación de Isidoro- fue en honor al Arzobispo San Isidoro de Sevilla; como consecuencia de sus tareas de labrador, pasó ser conocido popularmente como “Isidro labrador”. Falleció en el año 1130. El 15 de Mayo se celebra su Fiesta Patronal.</p>
</div>
</div>								</div>
				</div>
					</div>
		</div>
				<div class="elementor-column elementor-col-25 elementor-top-column elementor-element elementor-element-02d8028" data-id="02d8028" data-element_type="column" data-e-type="column">
			<div class="elementor-widget-wrap">
							</div>
		</div>
					</div>
		</section>
				<section class="elementor-section elementor-top-section elementor-element elementor-element-63a29cd elementor-section-boxed elementor-section-height-default elementor-section-height-default" data-id="63a29cd" data-element_type="section" data-e-type="section">
						<div class="elementor-container elementor-column-gap-default">
					<div class="elementor-column elementor-col-100 elementor-top-column elementor-element elementor-element-86ac7e8" data-id="86ac7e8" data-element_type="column" data-e-type="column">
			<div class="elementor-widget-wrap elementor-element-populated">
						<div class="elementor-element elementor-element-55bc22a elementor-widget elementor-widget-spacer" data-id="55bc22a" data-element_type="widget" data-e-type="widget" data-widget_type="spacer.default">
				<div class="elementor-widget-container">
							<div class="elementor-spacer">
			<div class="elementor-spacer-inner"></div>
		</div>
						</div>
				</div>
					</div>
		</div>
					</div>
		</section>
				</div>

<p>Historia del Templo &nbsp; Fue erigida en un terreno donado por la familia Martínez Justo y construida con el apoyo económico de Concepción Unzué, en memoria de su esposo Carlos Casares, quien fuera gobernador bonaerense. La piedra fundamental se colocó el 15 de mayo de 1930 y el 15 de diciembre del año siguiente&nbsp;la iglesia [&hellip;]</p>
